e the remainder when 227 is divided by 74.
5
Calculate the remainder when 2041 is divided by 294.
277
Calculate the remainder when 3506 is divided by 45.
41
Calculate the remainder when 287 is divided by 58.
55
What is the remainder when 15327 is divided by 30?
27
What is the remainder when 143 is divided by 52?
39
What is the remainder when 228 is divided by 29?
25
Calculate the remainder when 21 is divided by 21.
0
Calculate the remainder when 2907 is divided by 28.
23
What is the remainder when 492 is divided by 71?
66
Calculate the remainder when 156 is divided by 128.
28
Calculate the remainder when 579 is divided by 53.
49
What is the remainder when 322 is divided by 18?
16
Calculate the remainder when 5818 is divided by 1453.
6
Calculate the remainder when 1625 is divided by 23.
15
What is the remainder when 1032 is divided by 78?
18
Calculate the remainder when 1591 is divided by 41.
33
Calculate the remainder when 194 is divided by 39.
38
Calculate the remainder when 86 is divided by 18.
14
Calculate the remainder when 798 is divided by 20.
18
What is the remainder when 354 is divided by 3?
0
What is the remainder when 72 is divided by 7?
2
What is the remainder when 142 is divided by 43?
13
What is the remainder when 268 is divided by 65?
8
What is the remainder when 1362 is divided by 105?
102
Calculate the remainder when 1131 is divided by 195.
156
Calculate the remainder when 132 is divided by 23.
17
What is the remainder when 1397 is divided by 698?
1
What is the remainder when 139 is divided by 45?
4
What is the remainder when 2033 is divided by 78?
5
Calculate the remainder when 470 is divided by 79.
75
What is the remainder when 7691 is divided by 1921?
7
What is the remainder when 34 is divided by 3?
1
Calculate the remainder when 93 is divided by 50.
43
Calculate the remainder when 485 is divided by 28.
9
What is the remainder when 116 is divided by 38?
2
What is the remainder when 404 is divided by 137?
130
What is the remainder when 3293 is divided by 18?
17
Calculate the remainder when 35 is divided by 5.
0
Calculate the remainder when 537 is divided by 36.
33
Calculate the remainder when 203 is divided by 23.
19
What is the remainder when 52 is divided by 9?
7
What is the remainder when 93 is divided by 14?
9
Calculate the remainder when 1870 is divided by 78.
76
Calculate the remainder when 749 is divided by 67.
12
What is the remainder when 160 is divided by 7?
6
Calculate the remainder when 151 is divided by 38.
37
Calculate the remainder when 1227 is divided by 8.
3
Calculate the remainder when 155 is divided by 57.
41
Calculate the remainder when 1752 is divided by 117.
114
Calculate the remainder when 42 is divided by 13.
3
What is the remainder when 973 is divided by 324?
1
Calculate the remainder when 186 is divided by 16.
10
Calculate the remainder when 2072 is divided by 119.
49
Calculate the remainder when 95 is divided by 62.
33
Calculate the remainder when 79 is divided by 77.
2
What is the remainder when 106 is divided by 54?
52
What is the remainder when 599 is divided by 128?
87
What is the remainder when 342 is divided by 93?
63
What is the remainder when 1001 is divided by 314?
59
Calculate the remainder when 61 is divided by 33.
28
Calculate the remainder when 281 is divided by 77.
50
Calculate the remainder when 2164 is divided by 179.
16
Calculate the remainder when 204 is divided by 105.
99
What is the remainder when 82 is divided by 32?
18
Calculate the remainder when 1115 is divided by 44.
15
Calculate the remainder when 379 is divided by 70.
29
What is the remainder when 4898 is divided by 43?
39
Calculate the remainder when 625 is divided by 33.
31
What is the remainder when 84 is divided by 39?
6
Calculate the remainder when 39 is divided by 30.
9
Calculate the remainder when 157 is divided by 87.
70
What is the remainder when 330 is divided by 112?
106
What is the remainder when 222 is divided by 46?
38
What is the remainder when 77 is divided by 12?
5
What is the remainder when 118 is divided by 36?
10
What is the remainder when 18704 is divided by 29?
28
What is the remainder when 145 is divided by 26?
15
Calculate the remainder when 2757 is divided by 1373.
11
What is the remainder when 530 is divided by 133?
131
Calculate the remainder when 1768 is divided by 287.
46
What is the remainder when 295 is divided by 178?
117
What is the remainder when 3934 is divided by 127?
124
Calculate the remainder when 204 is divided by 113.
91
What is the remainder when 64 is divided by 10?
4
Calculate the remainder when 23 is divided by 9.
5
Calculate the remainder when 735 is divided by 272.
191
What is the remainder when 449 is divided by 15?
14
Calculate the remainder when 208 is divided by 49.
12
What is the remainder when 933 is divided by 4?
1
Calculate the remainder when 314 is divided by 64.
58
What is the remainder when 20 is divided by 5?
0
Calculate the remainder when 5 is divided by 1.
0
What is the remainder when 284 is divided by 15?
14
What is the remainder when 246 is divided by 114?
18
What is the remainder when 26 is divided by 1?
0
What is the remainder when 1240 is divided by 48?
40
Calculate the remainder when 2354 is divided by 765.
59
What is the remainder when 1085 is divided by 533?
19
Calculate the remainder when 533 is divided by 171.
20
What is the remainder when 287 is divided by 32?
31
What is the remainder when 3715 is divided by 3709?
6
What is the remainder when 1223 is divided by 51?
50
Calculate the remainder when 5861 is divided by 12.
5
Calculate the remainder when 48 is divided by 13.
9
Calculate the remainder when 23 is divided by 4.
3
What is the remainder when 191 is divided by 179?
12
What is the remainder when 1288 is divided by 10?
8
Calculate the remainder when 609 is divided by 298.
13
What is the remainder when 680 is divided by 213?
41
What is the remainder when 6 is divided by 3?
0
Calculate the remainder when 697 is divided by 178.
163
What is the remainder when 316 is divided by 81?
73
What is the remainder when 1952 is divided by 7?
6
What is the remainder when 947 is divided by 138?
119
What is the remainder when 105 is divided by 27?
24
Calculate the remainder when 1740 is divided by 67.
65
What is the remainder when 263 is divided by 24?
23
What is the remainder when 2105 is divided by 31?
28
What is the remainder when 1672 is divided by 241?
226
Calculate the remainder when 61 is divided by 21.
19
Calculate the remainder when 660 is divided by 163.
8
What is the remainder when 1294 is divided by 9?
7
Calculate the remainder when 115 is divided by 32.
19
Calculate the remainder when 77 is divided by 41.
36
Calculate the remainder when 387 is divided by 378.
9
What is the remainder when 7700 is divided by 164?
156
Calculate the remainder when 95 is divided by 33.
29
What is the remainder when 205 is divided by 30?
25
Calculate the remainder when 706 is divided by 71.
67
Calculate the remainder when 158 is divided by 24.
14
What is the remainder when 79 is divided by 37?
5
Calculate the remainder when 3063 is divided by 73.
70
Calculate the remainder when 291 is divided by 6.
3
What is the remainder when 4345 is divided by 145?
140
What is the remainder when 347 is divided by 71?
63
What is the remainder when 132 is divided by 15?
12
Calculate the remainder when 1149 is divided by 60.
9
What is the remainder when 9 is divided by 2?
1
Calculate the remainder when 487 is divided by 126.
109
Calculate the remainder when 84 is divided by 31.
22
What is the remainder when 7 is divided by 7?
0
What is the remainder when 861 is divided by 246?
123
What is the remainder when 727 is divided by 81?
79
What is the remainder when 420 is divided by 17?
12
Calculate the remainder when 112 is divided by 13.
8
Calculate the remainder when 68 is divided by 3.
2
Calculate the remainder when 82 is divided by 15.
7
What is the remainder when 139 is divided by 68?
3
Calculate the remainder when 216 is divided by 66.
18
What is the remainder when 13067 is divided by 18?
17
Calculate the remainder when 3001 is divided by 13.
11
What is the remainder when 195 is divided by 18?
15
Calculate the remainder when 495 is divided by 79.
21
What is the remainder when 114 is divi